{"id":61,"date":"2018-01-26T17:38:42","date_gmt":"2018-01-26T16:38:42","guid":{"rendered":"http:\/\/espacedetente.ovh\/?page_id=61"},"modified":"2020-11-23T15:34:36","modified_gmt":"2020-11-23T14:34:36","slug":"service","status":"publish","type":"page","link":"https:\/\/www.espacedetente.ovh\/index.php\/service\/","title":{"rendered":"Service"},"content":{"rendered":"<p>[et_pb_section fb_built=\u00a0\u00bb1&Prime; _builder_version=\u00a0\u00bb3.0.47&Prime;][et_pb_row _builder_version=\u00a0\u00bb3.0.47&Prime; background_size=\u00a0\u00bbinitial\u00a0\u00bb background_position=\u00a0\u00bbtop_left\u00a0\u00bb background_repeat=\u00a0\u00bbrepeat\u00a0\u00bb][et_pb_column type=\u00a0\u00bb4_4&Prime; _builder_version=\u00a0\u00bb3.0.47&Prime; parallax=\u00a0\u00bboff\u00a0\u00bb parallax_method=\u00a0\u00bbon\u00a0\u00bb][et_pb_image src=\u00a0\u00bbhttps:\/\/espacedetente.ovh\/wp-content\/uploads\/2018\/02\/logo-cafe\u0301-12-3.png\u00a0\u00bb _builder_version=\u00a0\u00bb3.0.98&Prime;][\/et_pb_image][\/et_pb_column][\/et_pb_row][\/et_pb_section][et_pb_section fb_built=\u00a0\u00bb1&Prime; fullwidth=\u00a0\u00bbon\u00a0\u00bb _builder_version=\u00a0\u00bb3.0.98&Prime; custom_margin=\u00a0\u00bb|||\u00a0\u00bb custom_padding=\u00a0\u00bb20px|||\u00a0\u00bb][et_pb_fullwidth_menu menu_id=\u00a0\u00bb2&Prime; submenu_direction=\u00a0\u00bbdownwards\u00a0\u00bb fullwidth_menu=\u00a0\u00bboff\u00a0\u00bb _builder_version=\u00a0\u00bb3.0.98&Prime; menu_font_size=\u00a0\u00bb16px\u00a0\u00bb menu_text_color=\u00a0\u00bb#ffffff\u00a0\u00bb background_color=\u00a0\u00bbrgba(0,23,40,0.96)\u00a0\u00bb text_orientation=\u00a0\u00bbcenter\u00a0\u00bb custom_margin=\u00a0\u00bb10px|||\u00a0\u00bb saved_tabs=\u00a0\u00bball\u00a0\u00bb][\/et_pb_fullwidth_menu][\/et_pb_section][et_pb_section fb_built=\u00a0\u00bb1&Prime; _builder_version=\u00a0\u00bb3.0.98&Prime;][et_pb_row _builder_version=\u00a0\u00bb3.0.98&Prime; background_size=\u00a0\u00bbinitial\u00a0\u00bb background_position=\u00a0\u00bbtop_left\u00a0\u00bb background_repeat=\u00a0\u00bbrepeat\u00a0\u00bb animation_style=\u00a0\u00bbflip\u00a0\u00bb][et_pb_column type=\u00a0\u00bb1_2&Prime; _builder_version=\u00a0\u00bb3.0.47&Prime; parallax=\u00a0\u00bboff\u00a0\u00bb parallax_method=\u00a0\u00bbon\u00a0\u00bb][et_pb_blurb title=\u00a0\u00bbAccueil simple et sympathique:\u00a0\u00bb icon_color=\u00a0\u00bb#2caaca\u00a0\u00bb image=\u00a0\u00bbhttps:\/\/espacedetente.ovh\/wp-content\/uploads\/2018\/02\/phone-1074238_640.jpg\u00a0\u00bb image_max_width=\u00a0\u00bb58%\u00a0\u00bb admin_label=\u00a0\u00bbBlurb\u00a0\u00bb _builder_version=\u00a0\u00bb3.0.98&Prime; header_font=\u00a0\u00bb||||||||\u00a0\u00bb header_text_color=\u00a0\u00bb#00124f\u00a0\u00bb body_font=\u00a0\u00bb||||||||\u00a0\u00bb body_text_color=\u00a0\u00bb#00124f\u00a0\u00bb background_color=\u00a0\u00bbrgba(12,6,0,0.2)\u00a0\u00bb background_size=\u00a0\u00bbinitial\u00a0\u00bb background_position=\u00a0\u00bbtop_left\u00a0\u00bb background_repeat=\u00a0\u00bbrepeat\u00a0\u00bb border_style_all_image=\u00a0\u00bbdotted\u00a0\u00bb text_orientation=\u00a0\u00bbcenter\u00a0\u00bb max_width_tablet=\u00a0\u00bb50px\u00a0\u00bb custom_margin=\u00a0\u00bb10px|10px|10px|10px\u00a0\u00bb custom_padding=\u00a0\u00bb20px|20px|60px|20px\u00a0\u00bb child_filter_brightness=\u00a0\u00bb102%\u00a0\u00bb child_mix_blend_mode=\u00a0\u00bbhard-light\u00a0\u00bb animation=\u00a0\u00bbbottom\u00a0\u00bb]<\/p>\n<h5><\/h5>\n<h5>Notre ligne t\u00e9l\u00e9phonique est ouverte<br \/>\n<strong>24H sur 24, sept jours sur sept<\/strong>.<br \/>\nNous recevons les appels de pr\u00e9f\u00e9rence de 6H30 \u00e0 22H en semaine mais il nous arrive fr\u00e9quemment d&rsquo;intervenir un dimanche.<br \/>\nNous sommes toujours l\u00e0 pour r\u00e9pondre \u00e0 vos demandes.<br \/>\nLa journ\u00e9e, vous \u00eates en contact directement avec le responsable de la soci\u00e9t\u00e9.<br \/>\nToujours \u00e0 l&rsquo;\u00e9coute, nous sommes pr\u00eats \u00e0 adapter notre service, notre mat\u00e9riel chaque fois que cela est utile.<\/h5>\n<p>[\/et_pb_blurb][\/et_pb_column][et_pb_column type=\u00a0\u00bb1_2&Prime; _builder_version=\u00a0\u00bb3.0.47&Prime; parallax=\u00a0\u00bboff\u00a0\u00bb parallax_method=\u00a0\u00bbon\u00a0\u00bb][et_pb_blurb title=\u00a0\u00bbUne hygi\u00e8ne optimale :\u00a0\u00bb icon_color=\u00a0\u00bb#2caaca\u00a0\u00bb image=\u00a0\u00bbhttps:\/\/espacedetente.ovh\/wp-content\/uploads\/2018\/02\/splashing-165192_640.jpg\u00a0\u00bb background_layout=\u00a0\u00bbdark\u00a0\u00bb image_max_width=\u00a0\u00bb58%\u00a0\u00bb admin_label=\u00a0\u00bbBlurb\u00a0\u00bb _builder_version=\u00a0\u00bb3.0.98&Prime; background_color=\u00a0\u00bb#031e3d\u00a0\u00bb background_size=\u00a0\u00bbinitial\u00a0\u00bb background_position=\u00a0\u00bbtop_left\u00a0\u00bb background_repeat=\u00a0\u00bbrepeat\u00a0\u00bb text_orientation=\u00a0\u00bbcenter\u00a0\u00bb max_width_tablet=\u00a0\u00bb50px\u00a0\u00bb custom_margin=\u00a0\u00bb10px|10px|10px|10px\u00a0\u00bb custom_padding=\u00a0\u00bb20px|20px|4px|20px\u00a0\u00bb animation=\u00a0\u00bbbottom\u00a0\u00bb]<\/p>\n<h5>Compte tenu du fait que vis \u00e0 vis de distributeurs de produits alimentaires, l&rsquo;exigence des clients est l\u00e9gitime, nous mettons l&rsquo;accent sur l&rsquo;entretien pr\u00e9ventif.<\/h5>\n<h5>En particulier :<\/h5>\n<p>&#8211; Un personnel exp\u00e9riment\u00e9 (pas de \u00ab\u00a0turn over\u00a0\u00bb important).<br \/>\n&#8211; Un r\u00e9glage soigneux du mat\u00e9riel, fondamental pour l&rsquo;hygi\u00e8ne. (temporisation pr\u00e9cise, tuyaux sans coude&#8230;).<br \/>\n&#8211; Installation d&rsquo;adoucisseurs pour lutter contre les d\u00e9p\u00f4ts de tartre.<br \/>\n&#8211; Utilisation de filtres \u00e0 charbon actif (principalement contre le chlore) sur les fontaines d&rsquo;eau fra\u00eeche r\u00e9seau.<br \/>\n&#8211; Contr\u00f4les et nettoyages pr\u00e9ventifs, d\u00e9bact\u00e9risation.<br \/>\n&#8211; Syst\u00e8me de ventilation nettoy\u00e9 r\u00e9guli\u00e8rement.<br \/>\n&#8211; Produits remplis au minimum.<br \/>\n[\/et_pb_blurb][\/et_pb_column][\/et_pb_row][\/et_pb_section][et_pb_section fb_built=\u00a0\u00bb1&Prime; _builder_version=\u00a0\u00bb3.0.47&Prime;][et_pb_row _builder_version=\u00a0\u00bb3.0.98&Prime; background_size=\u00a0\u00bbinitial\u00a0\u00bb background_position=\u00a0\u00bbtop_left\u00a0\u00bb background_repeat=\u00a0\u00bbrepeat\u00a0\u00bb animation_style=\u00a0\u00bbfold\u00a0\u00bb][et_pb_column type=\u00a0\u00bb1_2&Prime; _builder_version=\u00a0\u00bb3.0.47&Prime; parallax=\u00a0\u00bboff\u00a0\u00bb parallax_method=\u00a0\u00bbon\u00a0\u00bb][et_pb_blurb title=\u00a0\u00bbService rapide :\u00a0\u00bb icon_color=\u00a0\u00bb#2caaca\u00a0\u00bb image=\u00a0\u00bbhttps:\/\/espacedetente.ovh\/wp-content\/uploads\/2018\/02\/team-3062250_640.jpg\u00a0\u00bb background_layout=\u00a0\u00bbdark\u00a0\u00bb admin_label=\u00a0\u00bbBlurb\u00a0\u00bb _builder_version=\u00a0\u00bb3.0.98&Prime; body_font=\u00a0\u00bb||||||||\u00a0\u00bb background_color=\u00a0\u00bb#031e3d\u00a0\u00bb background_size=\u00a0\u00bbinitial\u00a0\u00bb background_position=\u00a0\u00bbtop_left\u00a0\u00bb background_repeat=\u00a0\u00bbrepeat\u00a0\u00bb text_orientation=\u00a0\u00bbcenter\u00a0\u00bb max_width_tablet=\u00a0\u00bb50px\u00a0\u00bb custom_margin=\u00a0\u00bb10px|10px|10px|10px\u00a0\u00bb custom_margin_last_edited=\u00a0\u00bbon|desktop\u00a0\u00bb custom_padding=\u00a0\u00bb20px|20px|10px|20px\u00a0\u00bb animation=\u00a0\u00bbbottom\u00a0\u00bb]<\/p>\n<h5>Les interverventions techniques sont effectu\u00e9es en priorit\u00e9\u00a0: chaque minute compte.<br \/>\nNous consid\u00e9rons le fonctionnement de nos distributeurs comme un service public et toute interruption comme une urgence.<br \/>\nA partir de votre appel, le d\u00e9lai est pratiquement toujours de moins d\u2019une heure.<br \/>\nL\u2019accent est mis sur la fourniture de boissons chaudes le matin et le stock constant de boissons fra\u00eeches l\u2019\u00e9t\u00e9\u2026<\/h5>\n<p>[\/et_pb_blurb][\/et_pb_column][et_pb_column type=\u00a0\u00bb1_2&Prime; _builder_version=\u00a0\u00bb3.0.47&Prime; parallax=\u00a0\u00bboff\u00a0\u00bb parallax_method=\u00a0\u00bbon\u00a0\u00bb][et_pb_blurb title=\u00a0\u00bbService personnalis\u00e9 :\u00a0\u00bb icon_color=\u00a0\u00bb#2caaca\u00a0\u00bb image=\u00a0\u00bbhttps:\/\/espacedetente.ovh\/wp-content\/uploads\/2018\/02\/mark-804938_640.jpg\u00a0\u00bb image_max_width=\u00a0\u00bb76%\u00a0\u00bb admin_label=\u00a0\u00bbBlurb\u00a0\u00bb _builder_version=\u00a0\u00bb3.0.98&Prime; header_font=\u00a0\u00bb||||||||\u00a0\u00bb header_text_color=\u00a0\u00bb#00124f\u00a0\u00bb body_font=\u00a0\u00bb||||||||\u00a0\u00bb body_text_color=\u00a0\u00bb#00124f\u00a0\u00bb background_color=\u00a0\u00bbrgba(12,6,0,0.2)\u00a0\u00bb background_size=\u00a0\u00bbinitial\u00a0\u00bb background_position=\u00a0\u00bbtop_left\u00a0\u00bb background_repeat=\u00a0\u00bbrepeat\u00a0\u00bb text_orientation=\u00a0\u00bbcenter\u00a0\u00bb max_width_tablet=\u00a0\u00bb50px\u00a0\u00bb custom_margin=\u00a0\u00bb10px|10px|10px|10px\u00a0\u00bb custom_margin_phone=\u00a0\u00bb10px|10px|10px|10px\u00a0\u00bb custom_margin_last_edited=\u00a0\u00bbon|desktop\u00a0\u00bb custom_padding=\u00a0\u00bb20px|20px|61px|20px\u00a0\u00bb animation=\u00a0\u00bbbottom\u00a0\u00bb]<\/p>\n<h5><\/h5>\n<h5><\/h5>\n<h5>Notre souplesse permet de vous offrir le meilleur service en distribution automatique.<br \/>\nNous ne sommes tributaires d&rsquo;aucune marque de mat\u00e9riel ou de produits.<br \/>\nNous conseillons la solution la plus pratique pour chaque site.<\/h5>\n<p>[\/et_pb_blurb][\/et_pb_column][\/et_pb_row][\/et_pb_section][et_pb_section fb_built=\u00a0\u00bb1&Prime; _builder_version=\u00a0\u00bb3.0.47&Prime;][et_pb_row _builder_version=\u00a0\u00bb3.0.98&Prime; background_size=\u00a0\u00bbinitial\u00a0\u00bb background_position=\u00a0\u00bbtop_left\u00a0\u00bb background_repeat=\u00a0\u00bbrepeat\u00a0\u00bb animation_style=\u00a0\u00bbflip\u00a0\u00bb][et_pb_column type=\u00a0\u00bb1_2&Prime; _builder_version=\u00a0\u00bb3.0.47&Prime; parallax=\u00a0\u00bboff\u00a0\u00bb parallax_method=\u00a0\u00bbon\u00a0\u00bb][et_pb_blurb title=\u00a0\u00bbGaranties :\u00a0\u00bb icon_color=\u00a0\u00bb#2caaca\u00a0\u00bb image=\u00a0\u00bbhttps:\/\/espacedetente.ovh\/wp-content\/uploads\/2018\/02\/office-1575939_640.jpg\u00a0\u00bb image_max_width=\u00a0\u00bb58%\u00a0\u00bb admin_label=\u00a0\u00bbBlurb\u00a0\u00bb _builder_version=\u00a0\u00bb3.0.98&Prime; header_text_align=\u00a0\u00bbcenter\u00a0\u00bb header_text_color=\u00a0\u00bb#00124f\u00a0\u00bb body_text_color=\u00a0\u00bb#00124f\u00a0\u00bb background_color=\u00a0\u00bbrgba(12,6,0,0.2)\u00a0\u00bb background_size=\u00a0\u00bbinitial\u00a0\u00bb background_position=\u00a0\u00bbtop_left\u00a0\u00bb background_repeat=\u00a0\u00bbrepeat\u00a0\u00bb border_style_all_image=\u00a0\u00bbdotted\u00a0\u00bb max_width_tablet=\u00a0\u00bb50px\u00a0\u00bb custom_margin=\u00a0\u00bb10px|10px|3px|10px\u00a0\u00bb custom_padding=\u00a0\u00bb20px|20px|75px|20px\u00a0\u00bb child_filter_brightness=\u00a0\u00bb102%\u00a0\u00bb child_mix_blend_mode=\u00a0\u00bbhard-light\u00a0\u00bb animation=\u00a0\u00bbbottom\u00a0\u00bb]<\/p>\n<ul class=\"ul1\">\n<li class=\"li1\">\n<h5><span class=\"s2\">Mais pourquoi ne pas demander de garanties sur nos services ?<\/span><\/h5>\n<\/li>\n<li class=\"li1\">\n<h5><span class=\"s2\">Tous nos arguments qualit\u00e9 peuvent \u00eatre d\u00e9finis noir sur blanc par contrat.<\/span><\/h5>\n<\/li>\n<li class=\"li1\">\n<h5><span class=\"s2\">Remboursement: pas de clients l\u00e9s\u00e9s. L&rsquo;argent perdu est syst\u00e9matiquement rembours\u00e9.<\/span><\/h5>\n<\/li>\n<li class=\"li1\">\n<h5><span class=\"s2\">Garantie rapidit\u00e9: forfait vers\u00e9 au CE pour tout d\u00e9passement de d\u00e9lai d&rsquo;intervention.<\/span><\/h5>\n<\/li>\n<li class=\"li1\">\n<h5><span class=\"s2\">Garantie qualit\u00e9: produits et marques d\u00e9finis noir sur blanc avant installation<\/span><span class=\"s3\">.<\/span><\/h5>\n<\/li>\n<\/ul>\n<p>[\/et_pb_blurb][\/et_pb_column][et_pb_column type=\u00a0\u00bb1_2&Prime; _builder_version=\u00a0\u00bb3.0.47&Prime; parallax=\u00a0\u00bboff\u00a0\u00bb parallax_method=\u00a0\u00bbon\u00a0\u00bb][et_pb_blurb title=\u00a0\u00bbEssai sans engagement\u00a0\u00bb icon_color=\u00a0\u00bb#2caaca\u00a0\u00bb image=\u00a0\u00bbhttps:\/\/espacedetente.ovh\/wp-content\/uploads\/2018\/02\/block-chain-2850276_640.jpg\u00a0\u00bb background_layout=\u00a0\u00bbdark\u00a0\u00bb image_max_width=\u00a0\u00bb58%\u00a0\u00bb admin_label=\u00a0\u00bbBlurb\u00a0\u00bb _builder_version=\u00a0\u00bb3.0.98&Prime; background_color=\u00a0\u00bb#031e3d\u00a0\u00bb background_size=\u00a0\u00bbinitial\u00a0\u00bb background_position=\u00a0\u00bbtop_left\u00a0\u00bb background_repeat=\u00a0\u00bbrepeat\u00a0\u00bb text_orientation=\u00a0\u00bbcenter\u00a0\u00bb max_width_tablet=\u00a0\u00bb50px\u00a0\u00bb custom_margin=\u00a0\u00bb10px|10px|10px|10px\u00a0\u00bb custom_padding=\u00a0\u00bb20px|20px|213px|20px\u00a0\u00bb animation=\u00a0\u00bbbottom\u00a0\u00bb]<\/p>\n<h5><\/h5>\n<h5><\/h5>\n<h5><\/h5>\n<h5>Nous pouvons proposer un contrat sans engagement.<br \/>\nDe cette fa\u00e7on, vous pourrez vous faire une id\u00e9e de la qualit\u00e9 des produits et du service.<\/h5>\n<p>[\/et_pb_blurb][\/et_pb_column][\/et_pb_row][\/et_pb_section]<\/p>\n","protected":false},"excerpt":{"rendered":"<p>[et_pb_section fb_built=\u00a0\u00bb1&Prime; _builder_version=\u00a0\u00bb3.0.47&Prime;][et_pb_row _builder_version=\u00a0\u00bb3.0.47&Prime; background_size=\u00a0\u00bbinitial\u00a0\u00bb background_position=\u00a0\u00bbtop_left\u00a0\u00bb background_repeat=\u00a0\u00bbrepeat\u00a0\u00bb][et_pb_column type=\u00a0\u00bb4_4&Prime; _builder_version=\u00a0\u00bb3.0.47&Prime; parallax=\u00a0\u00bboff\u00a0\u00bb parallax_method=\u00a0\u00bbon\u00a0\u00bb][et_pb_image src=\u00a0\u00bbhttps:\/\/espacedetente.ovh\/wp-content\/uploads\/2018\/02\/logo-cafe\u0301-12-3.png\u00a0\u00bb _builder_version=\u00a0\u00bb3.0.98&Prime;][\/et_pb_image][\/et_pb_column][\/et_pb_row][\/et_pb_section][et_pb_section fb_built=\u00a0\u00bb1&Prime; fullwidth=\u00a0\u00bbon\u00a0\u00bb _builder_version=\u00a0\u00bb3.0.98&Prime; custom_margin=\u00a0\u00bb|||\u00a0\u00bb custom_padding=\u00a0\u00bb20px|||\u00a0\u00bb][et_pb_fullwidth_menu menu_id=\u00a0\u00bb2&Prime; submenu_direction=\u00a0\u00bbdownwards\u00a0\u00bb fullwidth_menu=\u00a0\u00bboff\u00a0\u00bb _builder_version=\u00a0\u00bb3.0.98&Prime; menu_font_size=\u00a0\u00bb16px\u00a0\u00bb menu_text_color=\u00a0\u00bb#ffffff\u00a0\u00bb background_color=\u00a0\u00bbrgba(0,23,40,0.96)\u00a0\u00bb text_orientation=\u00a0\u00bbcenter\u00a0\u00bb custom_margin=\u00a0\u00bb10px|||\u00a0\u00bb saved_tabs=\u00a0\u00bball\u00a0\u00bb][\/et_pb_fullwidth_menu][\/et_pb_section][et_pb_section fb_built=\u00a0\u00bb1&Prime; _builder_version=\u00a0\u00bb3.0.98&Prime;][et_pb_row _builder_version=\u00a0\u00bb3.0.98&Prime; background_size=\u00a0\u00bbinitial\u00a0\u00bb background_position=\u00a0\u00bbtop_left\u00a0\u00bb background_repeat=\u00a0\u00bbrepeat\u00a0\u00bb animation_style=\u00a0\u00bbflip\u00a0\u00bb][et_pb_column type=\u00a0\u00bb1_2&Prime; _builder_version=\u00a0\u00bb3.0.47&Prime; parallax=\u00a0\u00bboff\u00a0\u00bb parallax_method=\u00a0\u00bbon\u00a0\u00bb][et_pb_blurb title=\u00a0\u00bbAccueil simple et sympathique:\u00a0\u00bb icon_color=\u00a0\u00bb#2caaca\u00a0\u00bb image=\u00a0\u00bbhttps:\/\/espacedetente.ovh\/wp-content\/uploads\/2018\/02\/phone-1074238_640.jpg\u00a0\u00bb image_max_width=\u00a0\u00bb58%\u00a0\u00bb admin_label=\u00a0\u00bbBlurb\u00a0\u00bb _builder_version=\u00a0\u00bb3.0.98&Prime; header_font=\u00a0\u00bb||||||||\u00a0\u00bb header_text_color=\u00a0\u00bb#00124f\u00a0\u00bb body_font=\u00a0\u00bb||||||||\u00a0\u00bb body_text_color=\u00a0\u00bb#00124f\u00a0\u00bb background_color=\u00a0\u00bbrgba(12,6,0,0.2)\u00a0\u00bb background_size=\u00a0\u00bbinitial\u00a0\u00bb background_position=\u00a0\u00bbtop_left\u00a0\u00bb [&hellip;]<\/p>\n","protected":false},"author":1,"featured_media":0,"parent":0,"menu_order":0,"comment_status":"closed","ping_status":"closed","template":"","meta":{"footnotes":""},"class_list":["post-61","page","type-page","status-publish","hentry"],"_links":{"self":[{"href":"https:\/\/www.espacedetente.ovh\/index.php\/wp-json\/wp\/v2\/pages\/61","targetHints":{"allow":["GET"]}}],"collection":[{"href":"https:\/\/www.espacedetente.ovh\/index.php\/wp-json\/wp\/v2\/pages"}],"about":[{"href":"https:\/\/www.espacedetente.ovh\/index.php\/wp-json\/wp\/v2\/types\/page"}],"author":[{"embeddable":true,"href":"https:\/\/www.espacedetente.ovh\/index.php\/wp-json\/wp\/v2\/users\/1"}],"replies":[{"embeddable":true,"href":"https:\/\/www.espacedetente.ovh\/index.php\/wp-json\/wp\/v2\/comments?post=61"}],"version-history":[{"count":45,"href":"https:\/\/www.espacedetente.ovh\/index.php\/wp-json\/wp\/v2\/pages\/61\/revisions"}],"predecessor-version":[{"id":1701,"href":"https:\/\/www.espacedetente.ovh\/index.php\/wp-json\/wp\/v2\/pages\/61\/revisions\/1701"}],"wp:attachment":[{"href":"https:\/\/www.espacedetente.ovh\/index.php\/wp-json\/wp\/v2\/media?parent=61"}],"curies":[{"name":"wp","href":"https:\/\/api.w.org\/{rel}","templated":true}]}}